 68221 a multiple of 14?
False
Is 89804 a multiple of 44?
True
Is 44025 a multiple of 287?
False
Does 48 divide 1714320?
True
Is 33 a factor of 70422?
True
Does 35 divide 111674?
False
Is 711431 a multiple of 8?
False
Is 641448 a multiple of 6?
True
Is 11 a factor of 404573?
False
Is 90435 a multiple of 28?
False
Is 31472 a multiple of 21?
False
Is 39 a factor of 125814?
True
Is 39948 a multiple of 3?
True
Is 9106628 a multiple of 17?
True
Is 377 a factor of 96512?
True
Is 10738 a multiple of 7?
True
Is 10 a factor of 115020?
True
Is 138360 a multiple of 3?
True
Is 535679 a multiple of 333?
False
Does 252 divide 843696?
True
Does 81 divide 31339?
False
Is 827479 a multiple of 239?
False
Is 1073826 a multiple of 819?
False
Is 5 a factor of 195020?
True
Is 5 a factor of 58882?
False
Is 757644 a multiple of 12?
True
Is 282 a factor of 788801?
False
Does 12 divide 459456?
True
Does 179 divide 17943059?
False
Does 18 divide 998651?
False
Does 46 divide 528724?
True
Does 6 divide 2913498?
True
Is 11 a factor of 35913?
False
Does 219 divide 115194?
True
Does 98 divide 42509?
False
Is 16 a factor of 215456?
True
Is 38 a factor of 467903?
False
Does 424 divide 115879?
False
Does 132 divide 106586?
False
Is 2117638 a multiple of 809?
False
Is 90079 a multiple of 2?
False
Is 120346 a multiple of 19?
True
Is 55134 a multiple of 27?
True
Does 16 divide 345888?
True
Is 210258 a multiple of 85?
False
Is 25 a factor of 580875?
True
Is 3168260 a multiple of 714?
False
Is 64418 even?
True
Is 2340480 a multiple of 10?
True
Is 33 a factor of 397122?
True
Does 6 divide 473976?
True
Does 518 divide 303030?
True
Does 155 divide 519405?
True
Is 7 a factor of 6675058?
False
Is 1962429 a multiple of 5?
False
Does 399 divide 2334619?
False
Is 396114 a multiple of 1141?
False
Is 956 a factor of 7116621?
False
Does 7 divide 63049?
True
Is 11904838 a multiple of 40?
False
Does 19 divide 205257?
True
Is 1887158 a multiple of 26?
True
Is 3 a factor of 37320?
True
Does 18 divide 300366?
True
Is 3744843 a multiple of 230?
False
Does 291 divide 5267391?
True
Does 35 divide 1207054?
False
Is 908473 a multiple of 53?
True
Is 4493751 a multiple of 4?
False
Is 13 a factor of 2813798?
True
Is 73 a factor of 598611?
False
Does 92 divide 166888?
True
Is 213647 a multiple of 161?
True
Is 89643 a multiple of 19?
False
Is 85 a factor of 14471086?
False
Is 46 a factor of 96232?
True
Is 329147 a multiple of 7?
True
Does 9 divide 828429?
False
Is 156 a factor of 421200?
True
Is 338037 a multiple of 21?
True
Does 146 divide 33580?
True
Is 44904 a multiple of 48?
False
Is 241 a factor of 722277?
True
Is 164020 a multiple of 118?
True
Does 39 divide 181456?
False
Is 38 a factor of 981335?
False
Is 1159744 a multiple of 16?
True
Is 19 a factor of 5139038?
False
Is 83 a factor of 3927228?
True
Does 2 divide 28623?
False
Does 34 divide 2191353?
False
Is 34390 a multiple of 9?
False
Is 518 a factor of 1617196?
True
Is 10168823 a multiple of 1493?
True
Is 2 a factor of 9891?
False
Does 11 divide 5949756?
False
Does 29 divide 279154?
True
Is 1779180 a multiple of 15?
True
Does 8 divide 883427?
False
Is 245 a factor of 874472?
False
Is 217 a factor of 63404?
False
Does 32 divide 7296496?
False
Is 2 a factor of 141309?
False
Is 95646 a multiple of 19?
True
Is 569646 a multiple of 7?
True
Is 275 a factor of 498214?
False
Is 37 a factor of 849088?
False
Is 22 a factor of 173750?
False
Is 115 a factor of 151110?
True
Does 8 divide 38177?
False
Is 187 a factor of 11894078?
False
Is 3849016 a multiple of 167?
True
Does 50 divide 412381?
False
Is 2542884 a multiple of 70?
False
Is 401400 a multiple of 360?
True
Does 129 divide 69364?
False
Is 571731 a multiple of 126?
False
Is 293 a factor of 278191?
False
Is 1440 a multiple of 5?
True
Is 17 a factor of 902734?
True
Is 102 a factor of 1336636?
False
Is 66 a factor of 9542700?
False
Is 209 a factor of 1451079?
False
Does 497 divide 15918861?
False
Does 5 divide 10229?
False
Does 4 divide 123874?
False
Does 160 divide 650720?
True
Does 14 divide 5077212?
True
Does 4 divide 26140?
True
Is 653 a factor of 868490?
True
Is 2090043 a multiple of 8?
False
Does 10 divide 453470?
True
Does 200 divide 53800?
True
Is 37 a factor of 589162?
False
Is 11534742 a multiple of 18?
True
Does 576 divide 2564928?
True
Does 5 divide 99650?
True
Is 13 a factor of 18439987?
False
Is 27 a factor of 5419683?
True
Is 114030 a multiple of 21?
True
Is 145310 a multiple of 220?
False
Is 381936 a multiple of 30?
False
Is 988 a factor of 1506189?
False
Is 55130 a multiple of 74?
True
Is 848559 a multiple of 8?
False
Does 392 divide 216900?
False
Does 21 divide 4699753?
False
Does 13 divide 548182?
False
Is 417823 a multiple of 10?
False
Is 1597286 a multiple of 12?
False
Is 69 a factor of 1919442?
True
Does 11 divide 36238100?
False
Does 62 divide 166160?
True
Does 1641 divide 15494322?
True
Is 122 a factor of 72628?
False
Is 56 a factor of 68936?
True
Is 7999920 a multiple of 738?
True
Does 12 divide 1594128?
True
Does 269 divide 2324622?
False
Is 138 a factor of 286902?
True
Does 430 divide 14001230?
True
Is 264 a factor of 146079?
False
Is 74 a factor of 655048?
True
Does 7 divide 649067?
False
Does 98 divide 342314?
True
Is 571 a factor of 57100?
True
Does 63 divide 909632?
False
Is 95 a factor of 1061216?
False
Does 56 divide 1178128?
True
Does 27 divide 1944460?
False
Is 107 a factor of 1464124?
False
Is 8766 a multiple of 26?
False
Does 34 divide 972230?
True
Does 37 divide 325588?
False
Is 564 a factor of 289976?
False
Is 10 a factor of 12537610?
True
Is 304 a factor of 1114608?
False
Is 160196 a multiple of 32?
False
Is 14 a factor of 944454?
True
Is 8128245 a multiple of 30?
False
Does 79 divide 2863099?
False
Is 27498 a multiple of 2?
True
Is 26 a factor of 14979432?
True
Is 3611267 a multiple of 108?
False
Does 17 divide 4765610?
True
Is 38 a factor of 244859?
False
Is 2042992 a multiple of 136?
True
Is 1248158 a multiple of 17?
False
Is 17887113 a multiple of 261?
True
Is 14781687 a multiple of 14?
False
Does 89 divide 37760?
False
Is 5602170 a multiple of 37?
True
Is 134 a factor of 1596744?
True
Is 8 a factor of 1623287?
False
Is 288277 a multiple of 11?
True
Does 15 divide 8134560?
True
Is 30195 a multiple of 2?
False
Is 3847951 a multiple of 142?
False
Is 415 a factor of 11279936?
False
Is 169510 a multiple of 67?
True
Is 40 a factor of 323434?
False
Is 150 a factor of 5233800?
True
Does 43 divide 657685?
True
Is 100 a factor of 507500?
True
Is 12 a factor of 446640?
True
Is 5 a factor of 18202?
False
Is 1807260 a multiple of 13?
True
Is 1097949 a multiple of 147?
False
Is 1327588 a multiple of 9?
False
Is 60034 a multiple of 6?
False
Is 1715040 a multiple of 288?
True
Does 64 divide 506427?
False
Is 17 a factor of 510942?
False
Is 5279989 a multiple of 143?
True
Is 108260 a multiple of 20?
True
Does 364 divide 2766036?
True
Does 69 divide 26229617?
False
Does 95 divide 332025?
True
Is 88 a factor of 8598304?
True
Is 852038 even?
True
Is 13 a factor of 15392416?
True
Does 76 divide 731261?
False
Is 6 a factor of 511760?
False
Is 16842 a multiple of 21?
True
Is 5473798 a multiple of 9?
False
Is 22 a factor of 1268327?
False
Does 14 divide 22598?
False
Is 22 a factor of 324918?
True
Does 13 divide 148980?
True
Is 4610940 a multiple of 1110?
True
Is 31 a factor of 8401?
True
Is 31354 a multiple of 141?
False
Is 31670 a multiple of 128?
False
Is 5022969 a multiple of 10?
False
Is 427457 a multiple of 163?
False
Is 347115 a multiple of 24?
False
Is 3 a factor of 90816?
True
Is 10 a factor of 126379?
False
Does 696 divide 10926504?
True
Does 20 divide 6780400?
True
Is 258 a factor of 171834?
False
Does 9 divide 480697?
False
Is 121 a factor of 68849?
True
Does 10 divide 86071?
False
Is 97 a factor of 70616?
True
Is 559489 a multiple of 16?
False
Is 6228112 a multiple of 23?
False
Is 43 a factor of 542832?
True
Is 308843 a multiple of 31?
False
Is 765566 a multiple of 761?
True
Is 681813 a multiple of 71?
True
Is 230408 a multiple of 166?
True
Is 37067 a multiple of 32?
False
Is 40 a factor of 15972280?
True
Does 4 divide 50453?
False
Is 4899709 a multiple of 33?
False
Is 1019315 a multiple of 11?
True
Is 84 a factor of 346080?
True
Is 15 a factor of 4810050?
True
Is 31 a f